x**2 + x + 1. Let h be (8 + -7)/((-1)/1)*-3. Let s be t(h). List the prime factors of 81 - (3/(-6)*s - -4).
79
Let q = -82 + 91. Suppose -q*d = -5*d. Suppose -2*x - 2*x = n - 231, -5*n + 2*x + 1111 = d. What are the prime factors of n?
223
Let p = 250 + -382. List the prime factors of (p/(-55))/(0 + (-2)/(-650)).
2, 3, 5, 13
Let v(d) = -11*d**3 + d**2 + 3*d - 5. Let t be v(-4). Suppose -11*o = -2122 + t. Suppose -358 = -5*m + 4*c, -5*c - o = -3*m + 78. List the prime factors of m.
2, 37
Suppose 20*w = -128 + 368. What are the prime factors of (-6 - -8)/w + (-2711)/(-6)?
2, 113
Let l(f) = -f**3 - 23*f**2 + 74*f + 119. What are the prime factors of l(-30)?
13, 17, 19
Suppose 188*i - 192*i - 43093 = -o, 2*i = 2*o - 86198. What are the prime factors of o?
3, 4789
Let k(p) = -p**2 - 6*p + 7. Let o be k(-7). Let t be 24/9*((-12)/(-8) - o). Suppose 0 = -2*r - t*h + 124, 2*h = -r - 2*h + 62. What are the prime factors of r?
2, 31
Suppose 60*s - 213*s = -10098. Let z be 1/4 - 23/(-4). Suppose -3*p + s = -z. What are the prime factors of p?
2, 3
Let g be (-5)/(-2)*3*(-8)/(-30). Suppose 2*o = -g*w + 470, -o - w = 3*o - 955. Let b = o + -123. What are the prime factors of b?
3, 13
Suppose -3*v - 2*v = v. Suppose v = 2*l - 178 + 56. What are the prime factors of l + -7 + (1 - 2)?
53
Suppose 2*v - 6 = -2*k + k, -3*k = -3*v + 9. Suppose k = -0*z + 2*z + g - 385, -3 = -g. List the prime factors of z.
191
Suppose 15*z + 10 = 70. Suppose 15*h - 10*h = 25, -z*b - h = -1777. List the prime factors of b.
443
Suppose 2*z - g = 5730, 3*z + 850 - 9439 = 3*g. List the prime factors of z.
47, 61
Let f be 1/(9/4128) + 3/9. Let g = f + -142. List the prime factors of g.
317
What are the prime factors of (11/((-462)/(-44492)))/(((-56)/(-132))/7)?
7, 11, 227
Let g = 108 + -78. What are the prime factors of (-4 - g/(-21))/((-1)/28)?
2, 3
Suppose 6858 = 58*x - 230362. List the prime factors of x.
2, 5, 409
Let r(f) be the first derivative of 4 + 37*f + 17/2*f**2 + 1/3*f**3. What are the prime factors of r(-19)?
3, 5
Let z = 11823 - 6925. What are the prime factors of z?
2, 31, 79
Let a(m) = -19671*m + 1461. What are the prime factors of a(-2)?
3, 7, 29, 67
Let x(t) = 7*t - 85. Let p = -10 - -27. List the prime factors of x(p).
2, 17
Suppose 0 = 5*b - 10*b + 1910. Let l = 461 - b. List the prime factors of l.
79
Let t(q) = q**3 + 10*q**2 + 9*q + 12. Let d be t(-9). Let p(h) = -9*h**2 + 106*h**3 - 108*h**3 + h + 1 - d*h. List the prime factors of p(-5).
3
Let b = -1078 + 691. Let k = b - -617. What are the prime factors of k?
2, 5, 23
Let z(w) = 2*w + 9. Let a(p) = -5*p - 18. Let u(b) = -4*a(b) - 9*z(b). Let m be u(5). Let q = m - -49. List the prime factors of q.
2, 5
Let b = -35723 - -51720. What are the prime factors of b?
17, 941
Suppose -c + 8 - 4 = 0. Suppose 3*t - c*q - 5712 = 0, 4*q = -0*q. List the prime factors of (-4)/10 + t/35.
2, 3
Suppose 4*d = 5*v - 135, 15 = v - 5*d + 9. Suppose 32*p - 1018 = v*p. List the prime factors of p.
2, 509
Let p be 8/3*(-231)/(-28). Suppose 20*z = p*z. Suppose 2*c - 13 - 1 = z. List the prime factors of c.
7
List the prime factors of (30/(-18))/(26/(-28314)).
3, 5, 11
Let q = 19677 + 2887. What are the prime factors of q?
2, 5641
Suppose 0 = 4*k - 7*k + 9, -2*k + 75076 = 5*j. What are the prime factors of j?
2, 7507
Let o(a) = 1. Let b(k) = 22*k - 18. Let p(t) = -b(t) - 4*o(t). Suppose 490 = -123*j + 53*j. What are the prime factors of p(j)?
2, 3, 7
Let d(j) = 2*j**3 + 279*j**2 + 712*j - 200. List the prime factors of d(-136).
2, 5, 811
Suppose 15*h + 78*h = -21*h + 1709430. What are the prime factors of h?
5, 2999
Suppose -p + 18292 = a, -5*a - 52874 = 2*p - 144328. What are the prime factors of a?
2, 5, 31, 59
Suppose -246*i - 110*i + 10645596 = 31*i. List the prime factors of i.
2, 13, 23
Let k(p) = -7*p**3 - 6*p**2 - 12*p + 5. Suppose -3*x - 18 + 6 = 0. What are the prime factors of k(x)?
3, 5
Suppose 0*b = -3*b + 90. Let m be 3 - 86/b - 2/15. Suppose -p + 32 + 61 = k, m = 3*p + k - 279. List the prime factors of p.
3, 31
Let c = -288 - -293. Suppose o - 73 - 211 = 5*d, 1446 = c*o + d. What are the prime factors of o?
17
Suppose 2*d = 3*a + 111 - 7, -208 = -4*d - 3*a. Suppose -56*o = -d*o - 3188. List the prime factors of o.
797
Let z(f) = -f**3 + 8*f**2 + 11*f - 13. Let l be z(9). Let c(y) = 10*y**2 + 9*y - 12. Let s be c(l). Let d = s + -178. What are the prime factors of d?
3, 5, 7
Suppose -8226 = -5*w + 2*l, 3*w - 6578 = -5*l - 1630. Let g = w + -961. What are the prime factors of g?
5, 137
Let u(t) = 2*t**2 - 28*t + 52. Let f be u(12). Suppose -d - 3*d - 3061 = -3*j, 5*j - f*d - 5115 = 0. What are the prime factors of j?
13, 79
Let k(w) = 24*w**2 - 3*w. Let s be k(2). Let p = 1417 - 1372. Let d = s + p. List the prime factors of d.
3, 5
Suppose 16 = 6*d - 2*d. Suppose d*v - 121 = -101. Suppose v*z - 142 = -22. What are the prime factors of z?
2, 3
Let h(l) = 16*l**2 + 2*l + 2. Let d be h(-1). Let f be (d/(-10))/(59/(-15) - -4). What are the prime factors of 2/(-3)*3708/f?
103
Suppose 4*a - 5*i = -7, -4*i + 17 = 3*a - 1. Let z(x) = x**2 - 4*x - 2. Let b be z(5). What are the prime factors of ((-4770)/b)/a*(-7)/21?
5, 53
Let h(n) = 45*n - 11. Let v(c) = 89*c - 23. Let y(l) = -11*h(l) + 6*v(l). List the prime factors of y(7).
2
Let m be 1/7 + 5/(-35) + 0. Let j be (416/2)/(m + -1). Let i = -118 - j. What are the prime factors of i?
2, 3, 5
Let f(v) = 460*v + 232. List the prime factors of f(12).
2, 719
Let n be -1 - (0/5 - -1). Let l be (-2)/1*372/n. Suppose -3*v + 172 = 3*g - 107, -l = -4*g - 2*v. What are the prime factors of g?
3, 31
Suppose -6*r - 140*r + 5664667 = -7*r. What are the prime factors of r?
83, 491
Let z(k) = 2*k**2 + 37*k - 13. Let y be z(-19). Suppose 3*s - 6 = -y. Suppose 4*w + 112 - 876 = s. What are the prime factors of w?
191
Let u = -7631 + 11847. List the prime factors of u.
2, 17, 31
Let u(m) = m**3 + 22*m**2 + 36*m + 34. Let z(n) = -19*n + 163. Let a be z(9). What are the prime factors of u(a)?
2, 3, 107
Let m be (40330/(-22) - (-10)/55) + 6. Let t = -369 - m. What are the prime factors of t?
2, 3
Let l(y) = -3*y - 11. Let u be l(9). Let b = -43 - u. What are the prime factors of 3 + (0 - -5) - b?
13
Let r(w) = -55*w - 24. Let i be (-50)/125*(-1 + 26). List the prime factors of r(i).
2, 263
Suppose -f + 6 = -0*c - c, -3*f + 32 = 4*c. Suppose f*j = -0*j - 1544. What are the prime factors of (21/7 - (1 - j))/(-1)?
191
Let s(h) = h**2 + 281*h + 118. What are the prime factors of s(36)?
2, 5, 1153
Suppose -74793 - 249223 = -16*q. What are the prime factors of q?
7, 11, 263
Let o(c) = 3*c**2 - 21*c - 12. Let i(w) = 4*w**2 - 22*w - 12. Let s(n) = 4*i(n) - 5*o(n). Let p be s(-16). What are the prime factors of -1 + p + 8 + 74?
7, 11
Let t be (6/18)/(12/(-15156)). Let c = t - -1001. List the prime factors of c.
2, 5, 29
Suppose 21*o - 28020 = 17*o + 2*u, -4*u + 35051 = 5*o. List the prime factors of o.
7, 11, 13
What are the prime factors of ((-123344)/32)/(-4 + 35/10)?
13, 593
Let r = 498 + 1. Suppose -w + r = -328. What are the prime factors of w?
827
Let n = 158 + -152. Suppose -n*v = -2524 + 100. What are the prime factors of v?
2, 101
Suppose 24348 = 21*j + 7296. Suppose 15*r + j = 7817. List the prime factors of r.
467
Suppose 6*v + 120 = 12*v. Let t be ((-11)/(-2))/((-5)/v). Let q = t - -85. List the prime factors of q.
3, 7
Let b(m) = 279*m**2 + 31*m - 1. Let s be b(-4). List the prime factors of s/5 + (-31)/(-155).
2, 7, 31
Let j(m) = -m**2 - 55*m + 30*m + 758 + 31*m. What are the prime factors of j(0)?
2, 379
Suppose n + 4*j = 16242 - 133, -5*n + 80450 = j. List the prime factors of n.
3, 31, 173
Let x(o) = 2*o**2 - 14*o + 4. Let m be -68*(-5)/20*-2. Let r = m + 44. List the prime factors of x(r).
2
Let b(p) = 350*p. Let c be b(1). Suppose 6*h + u = 2*h - c, 2*h + 168 = -4*u. Let t = -1 - h. What are the prime factors of t?
3, 29
Let g = -46 - -55. Let q(u) = -u**3 + 15*u**2 - 8*u - 4. Let s be q(g). Let k = 590 - s. What are the prime factors of k?
2, 3, 5
Let c(d) = -775*d**3 - 87*d - 245. What are the prime factors of c(-3)?
43, 487
Let f(q) = 7*q**2 - 2*q + 4. Let c be f(1). Let g(p) = 14*p - 30. List the prime factors of g(c).
2, 3
Suppose 0 = 13*f - 1841 - 3801. What are the prime factors 